 l + 120. Calculate the remainder when h(3) is divided by 39.
35
Let t(w) = -9*w**2 - 6*w + 0*w + 10 + 8*w**2 - 14. Let j be t(-4). Calculate the remainder when (-133)/1*j/(-14) is divided by 10.
8
Let t(n) = -n**2 - 7*n - 4. Let y be t(-6). Suppose 0 = -2*a + y*u + 3*u + 41, 3*u = 9. What is the remainder when (10/(-13))/5 + 4272/52 is divided by a?
26
Suppose i + 17 = -8. Let x(c) = 15*c - 49. What is the remainder when x(9) is divided by -3 + 2/(-6)*0 - i?
20
Calculate the remainder when 32/((-1472)/(-69))*2456/6 is divided by 123.
122
Suppose 161*g = 194*g - 3267. What is the remainder when 303 is divided by g?
6
Suppose -5*j + 0*n - n + 268 = 0, -5*n = -3*j + 172. Let p = 430 + -274. Calculate the remainder when p is divided by j.
48
Suppose 0 = -4*z + 2*g - 834, 2*g + 182 = 2*z + 596. Let c = -201 - z. What is the remainder when c is divided by 2?
1
Suppose -3*b = -m + 28, 384*b - 385*b - 51 = -2*m. Calculate the remainder when 2017 is divided by m.
17
Let n(q) = -q**3 + q**2 + 24*q + 4. What is the remainder when 326 is divided by n(-6)?
102
What is the remainder when (-265776)/(-132) + 1 + (90/(-33))/(-5) is divided by 20?
15
Suppose 3*v - 15 = -2*v. Let y be (38/v)/(4/18). Suppose y = -3*j + 4*j. Calculate the remainder when j is divided by 29.
28
Suppose -2*q - q - m + 105 = 0, 2*m - 111 = -3*q. Let s be 1610/45 - (-4)/18. Suppose -r = r - s. Calculate the remainder when q is divided by r.
15
Let i(t) = -6*t**2 + 1218*t + 19. Let m = -8 + 18. What is the remainder when i(203) is divided by m?
9
Suppose 0*c - 2*c + 80 = 0. What is the remainder when c is divided by (-25)/(-1)*(-4)/((-40)/6)?
10
Suppose w = 4*y + 49, 2 + 8 = -2*y. Let f = 87 - 70. Calculate the remainder when w is divided by f.
12
Let h = -13333 + 13483. Calculate the remainder when 613 is divided by h.
13
Suppose -4*j = 2*r - 246, -2514*j - r = -2511*j - 190. What is the remainder when j is divided by -1 + (1 - 1 - -6)?
2
Let a = 26 + -21. Let h(d) = 16*d**3 + 4 + 17*d**3 + a*d - 5*d - 5*d. Calculate the remainder when h(1) is divided by 17.
15
Suppose -33*a + 503 = -445 - 504. What is the remainder when 1/(-1 + 0)*-124 is divided by a?
36
Let k = 36 - 32. Suppose 0*t + 138 = 5*t + 2*f, 4*t = -k*f + 120. Calculate the remainder when t is divided by 4/((-20)/15) + 11.
2
Let m(d) = -d - 12. Let o be m(-13). Let c be (-18 + -12)*o/(-3). What is the remainder when 15 is divided by -5*2/(-25)*c?
3
Suppose 0 = -j - 432 + 428, -2*t + 2*j + 58 = 0. What is the remainder when 224 is divided by t?
24
What is the remainder when 572 is divided by -2 - (420/(-27) - (-21)/((-756)/16))?
12
Let x = -33 + 45. Let q be ((18/4)/(-3))/((-9)/x). What is the remainder when q*6/((-60)/(-1015)) is divided by 51?
50
Suppose 12*l - 34653 + 5693 = -4*l. Calculate the remainder when l is divided by 6.
4
Suppose -55*k - 16*k + 20*k = -9486. Let b = -12 + 60. What is the remainder when k is divided by b?
42
What is the remainder when 11678/(2/7 + 1304/3423) is divided by 292?
289
Let c(f) = -f**3 - 17*f**2 + 364*f + 2541. Let g(w) = w**2 + 5*w - 6. Let l be g(-6). Let y = l - -4. What is the remainder when y is divided by c(-27)?
1
Suppose -96 = -86*p + 83*p. Let t = 90 - -54. Calculate the remainder when t is divided by p.
16
Let s = 73 - -23. Suppose -6*t - s = -10*t. Let q = 46 - t. Calculate the remainder when 65 is divided by q.
21
Let g(w) = -w**3 + 6*w**2 - 10. Let y be g(5). Suppose 5*r - 85 + y = 0. Suppose -62 = -16*l + r*l. What is the remainder when 91 is divided by l?
29
Let n(c) = -428*c - 6553. Calculate the remainder when n(-18) is divided by 3.
2
Suppose 5591*r = 5576*r + 1740. Calculate the remainder when 470 is divided by r.
6
Suppose 0 = 3*v - 27*o + 32*o - 1846, 4*v = 3*o + 2500. Let x = v + -615. What is the remainder when 46 is divided by x?
4
Let k be (0/(-4) + -3)*(0 + -3). Let r be ((-3)/k)/(4/(-552)). Suppose 5*u - r = -26. What is the remainder when 14 is divided by u?
2
Suppose -4*h = -r - 229, 2 = -5*h + 2*r + 286. Let g(z) = -7*z - 11. What is the remainder when h is divided by g(-3)?
8
Let h = -3881 - -4646. Calculate the remainder when h is divided by 74.
25
Suppose -c - 407 = -5*a - 3*c, -95 = -a + 3*c. Let w = a + -9. Suppose f - w = -4*h - 2*f, -h - 2*f + 21 = 0. Calculate the remainder when 65 is divided by h.
14
Suppose -g = -b - 173, -749 = -4*g - b - 37. What is the remainder when g is divided by 90?
87
Let k = 218 - 363. Let u = 173 + k. Calculate the remainder when 66 is divided by u.
10
Suppose 0 = -5*x + o + 130, -3*x - 3*o = -4*o - 80. Let m be -4 + (x/(-5) - -33). Suppose 8*k - m - 120 = 0. Calculate the remainder when k is divided by 11.
7
Let m(s) = -s**2 + 69*s - 683. What is the remainder when 580 is divided by m(13)?
40
Let a = -141 + 222. Let p = a - -84. Suppose -5*j = 3*h - 96, -3*j + h + 69 = -h. Calculate the remainder when p is divided by j.
18
Let b = 167 - 163. What is the remainder when b/(-30) + 26278/210 is divided by 18?
17
Let y(i) = -21*i**3 + i**2 - 11*i - 11. Let f = -393 + 392. Calculate the remainder when 130 is divided by y(f).
20
Let p(t) = -14*t - 95. Let g be p(-7). Let k(w) = 11*w**2 + 7*w - 25. Calculate the remainder when k(g) is divided by 16.
15
Suppose -347*t + 3*y + 63 = -344*t, 5*y = -4*t + 75. Calculate the remainder when 232 is divided by t.
12
Let s(d) = -5*d - 5. Let r(a) = a - 7. Let f be r(10). Suppose 0 = -f*o - 0*o + 12, 0 = -2*c + 5*o - 32. Calculate the remainder when s(c) is divided by 7.
4
Let k(h) be the third derivative of -h**6/120 - h**5/15 + 17*h**4/24 - h**3/6 + 19*h**2. Let w = -105 - -185. What is the remainder when w is divided by k(-7)?
26
Suppose 29*t + 310 = -23*t + 5666. Calculate the remainder when 182 is divided by t.
79
Let m(k) = 11975*k - 59835. Let b = -382 + 940. Calculate the remainder when b is divided by m(5).
38
Suppose 947 = 2*o + 4*n + 211, -o + 3*n = -398. What is the remainder when o is divided by 177?
26
Suppose -123*h - 5320 = -137*h. Calculate the remainder when h is divided by (-127)/(-2) - 1/(-2).
60
Let n(a) = 6*a**2 - 2*a. Let f = 10126 - 9951. Calculate the remainder when f is divided by n(-3).
55
Let s(w) be the third derivative of -w**5/60 + w**4/12 + 14*w**3/3 - 4*w**2 + 3*w. What is the remainder when (-46)/8*(12 + -16) is divided by s(5)?
10
Let x = 588 + -584. Let j(s) = -s - 5. Let b be j(-5). Suppose 54 = v + x*y, -3*y - y = b. Calculate the remainder when v is divided by 29.
25
Suppose -2*m - 4 = 3*n - 6*n, 2*m - 2*n = 0. Suppose -m*g = 2*b - 9*g - 65, 0 = -3*b + 3*g + 84. What is the remainder when 117 is divided by b?
17
Let h(x) be the third derivative of x**4/24 + 11*x**3/6 + 7*x**2. Let g = -188 - -196. Calculate the remainder when h(9) is divided by g.
4
Let a = -11 - -12. Calculate the remainder when 29 is divided by (-189)/14*(6/(-9))/a.
2
Suppose 0 = 4*j + 2*r - 120, 4*r - 12 = 2*j - 82. Calculate the remainder when 54 - (-9)/(45/20) is divided by j.
27
Let h = -7205 + 7347. Calculate the remainder when 2267 is divided by h.
137
Let m(k) = -68*k + 13. Let g be m(-3). Suppose -4*i + g = -139. Suppose -i - 49 = -2*z. What is the remainder when z is divided by 19?
12
Suppose -3*j - 38 + 393 = -80. Calculate the remainder when 276 is divided by j.
131
Suppose -10*h = -8*h - 8. Suppose 214 = 2*z - h*p, -113 = z - 2*z - 4*p. Calculate the remainder when z is divided by 19.
14
Suppose -3*v = 3*j - 12, j = -5*v + 19 - 7. Let g = 9 + j. Calculate the remainder when (-2 - (-7)/2) + 10/((-260)/(-1079)) is divided by g.
10
Let r be -10*((-111)/6 - 2). Let j be 0 - 6*(2/(-4) + 0). Suppose t + r = j*p, 2*p + 5*t = -2*p + 286. Calculate the remainder when p is divided by 18.
15
Calculate the remainder when 209 is divided by ((-306)/(-108) - 2) + (-1263)/(-18).
67
Let h(n) = n**3 + 10*n**2 + 11*n + 41. Let b = -301 - -292. Calculate the remainder when 319 is divided by h(b).
20
Let y = 221 + -218. Suppose -n = r - 132, 247 + 253 = 4*n - y*r. Calculate the remainder when n is divided by 30.
8
Suppose 114*d - 120*d + 3738 = 0. Suppose 2*g - d + 255 = 0. Suppose -b - 5*y = 4*b - 60, -3*b = 2*y - 41. What is the remainder when g is divided by b?
14
Suppose 5*n = -4*c + 95, 2*c - n - 66 + 1 = 0. Calculate the remainder when 1019 is divided by c.
29
Suppose 5*z = 5*q, -